ime factors of n(2).
5, 7
Suppose -2*t = 5*x + t - 17, -3*x + 2*t = 5. Suppose -2*n = -3 - x. Suppose n*k - 4 - 10 = 0. List the prime factors of k.
7
Let p = 3 + 5. Let s(i) = -i**3 + 9*i**2 - 12*i + 12. Let o be s(p). List the prime factors of 2/6 - o/12.
2
Suppose -66 = -l - l. List the prime factors of l/5 - 4/(-10).
7
Let h(z) = -z**2 + 5*z - 2. Let t be h(5). List the prime factors of (4/t)/(-2 - -1).
2
Let x = 60 + -36. List the prime factors of x.
2, 3
Let x = -11 + 79. Suppose -2*l + x = 18. What are the prime factors of l?
5
Suppose -x = 5*j + 27 - 147, -4*j + 2*x = -82. List the prime factors of j.
23
Let w be -3 - (7/1 + -2). Let g = w - -22. List the prime factors of g.
2, 7
List the prime factors of ((-228)/(-14))/(1/7).
2, 3, 19
List the prime factors of (-10)/(-1 - (-22)/26).
5, 13
Let r(h) = h. Let w(v) = 5*v + 2. Let q(l) = -2*r(l) + w(l). List the prime factors of q(2).
2
Let l(h) = 33*h**2 + h + 1. What are the prime factors of l(-1)?
3, 11
Let b = -35 - -55. List the prime factors of b.
2, 5
Let f = -27 - -12. Let a = -7 - f. List the prime factors of a.
2
Suppose -5*a - o = 11, a - 13 = -7*o + 3*o. Let g = 1 + a. List the prime factors of (14/(-21))/(g/6).
2
Let l(d) = -15*d**3 + 2*d**2 + d. Let c be l(-1). Suppose 0 = -a - 3*a + c. Let k = a + -1. What are the prime factors of k?
3
Suppose -5*v = -2*z + 215, 5*z = 2*v - 6*v + 554. List the prime factors of z.
2, 5, 11
Suppose 0 = -2*d, 3*n + n = -4*d. Suppose b = 5*m + 36 - n, m - 165 = -4*b. List the prime factors of b.
41
Suppose -24 = -3*h - 6. Suppose -h*v + 87 = -3*v. What are the prime factors of v?
29
Let x(s) = s**2 - 7*s - 8. Let r be x(8). Suppose -4*p + 95 + 17 = r. List the prime factors of p.
2, 7
Let a be (-1)/1*(-10 + -1). Let v = a + -6. Suppose v = d - 2. What are the prime factors of d?
7
Let r = -71 - -104. What are the prime factors of r?
3, 11
Let r be -7 - (-2 - (-1 - -1)). Let i(l) = l - 7. Let p(t) = -3*t + 20. Let v(b) = 17*i(b) + 6*p(b). List the prime factors of v(r).
2, 3
Let t = 7 + -2. Suppose -3*l - 4*w + t*w + 36 = 0, 0 = 5*w. List the prime factors of l.
2, 3
Let k be (0/8)/((-2)/(-2)). Suppose -92 = -4*j - k. What are the prime factors of j?
23
Suppose 264 = 3*p - 2*g + 5*g, -4*g + 100 = p. What are the prime factors of p?
2, 3, 7
Suppose -5*a + 2 = -5*i - 3, -i - a = -5. Suppose -w + i = -10. List the prime factors of w.
2, 3
Suppose 4*k = 38 + 18. List the prime factors of k.
2, 7
Let t = 258 - -52. What are the prime factors of t?
2, 5, 31
Let y(h) = h**2 - h - 3. Let r be -2 - (1 + 0 + -8). List the prime factors of y(r).
17
Let h be 3 + -6*(-3)/(-2). Let r(m) = -m + 1. Let z(v) = 7. Let u(q) = 2*r(q) - z(q). What are the prime factors of u(h)?
7
Let f(h) = h + 6*h - 4 + h**2 + 0*h**2 - 8. What are the prime factors of f(-9)?
2, 3
What are the prime factors of ((-1220)/(-80))/((-2)/(-8))?
61
Let p = 16 - -78. Let n = p + -59. List the prime factors of n.
5, 7
Suppose 10*c = -2*c + 2952. List the prime factors of c.
2, 3, 41
What are the prime factors of ((-3)/2)/((-27)/990)?
5, 11
Let v(i) = 3*i**3 + 3*i**2 - 3. Let g be v(-3). List the prime factors of 1/(-1)*g/3.
19
Suppose 5*i = 174 + 11. What are the prime factors of i?
37
Let i = -274 + 430. Suppose i = 4*j + 4*s, 4*j - 6*j = -2*s - 62. List the prime factors of j.
5, 7
Let s(a) be the second derivative of -1/2*a**2 - 4*a + 0 - 3/10*a**5 - 1/3*a**3 + 0*a**4. What are the prime factors of s(-1)?
7
Let w(o) = 0*o - o**3 - 15 - 2*o - 7*o**2 + 5. Let m be w(-7). Suppose 4*v + 15 = m*p + p, 2*v = 0. List the prime factors of p.
3
Let b = 2 + 3. Suppose -h + b*h - 56 = 2*w, -2*h - w + 32 = 0. What are the prime factors of h?
3, 5
Let z = 34 + -29. List the prime factors of z.
5
Let t(y) = y + 7. Let j be t(-5). Let v(o) = 3*o - 4. Let h be v(6). Suppose -j*a = -4*a + h. What are the prime factors of a?
7
Let q be 24/(-11) + 6/33. Let m be 2 - (-12 + q/2). Suppose -2*c = -47 + m. What are the prime factors of c?
2
Suppose 0 = -5*d + 5 - 15. Let o = d - 2. Let c = 14 + o. What are the prime factors of c?
2, 5
Let k = -4 + 7. Suppose 0*p = k*p - 120. List the prime factors of p.
2, 5
Suppose 0 = -p - k + 45, 2*k + 3*k - 178 = -4*p. Suppose -5*x + 21 = -4*x. Suppose 0 = q - 2*q - t + x, -2*q + p = -3*t. List the prime factors of q.
2, 11
Suppose 0 = -n - 2 - 25. Let j be (-6)/n + (-241)/(-9). Let q = 38 - j. List the prime factors of q.
11
Let k(t) = -t**3 - 5*t**2 + 4*t - 7. Let d be k(-6). Suppose 2*c = -2*c + 8. Suppose -r + d = -c. What are the prime factors of r?
7
Let w(a) = a**3 + 19*a**2 - 9*a - 13. List the prime factors of w(-19).
2, 79
Let s be 8/(-6)*3/(-2). Suppose 0 = -2*x + 11 - 3. List the prime factors of 1/1 + x*s.
3
Let d = 11 - -7. Let r be 130/d + (-8)/36. Let v = 5 + r. What are the prime factors of v?
2, 3
Suppose 0 = 2*l - 3*l + 4, -40 = -2*x - 4*l. List the prime factors of x.
2, 3
Let c be 8*2/4*-2. Let o = c - -31. Let r = -14 + o. List the prime factors of r.
3
Let a = -9 + 6. Let k be a/(-2)*16/12. Let p = 15 - k. List the prime factors of p.
13
Let s(x) = 1 + 2 + 3 - 5 + 9*x**3. What are the prime factors of s(1)?
2, 5
Let s(g) = 32*g**3 - g**2 + 3*g - 1. Suppose 4*n - 12 = -4*j, 3*n - 3*j + 0 + 3 = 0. What are the prime factors of s(n)?
3, 11
Let m = 62 + -40. What are the prime factors of m?
2, 11
Let w = 0 - -1. Let o = w + 4. What are the prime factors of (-2)/((-2)/o - 0)?
5
List the prime factors of 1560/18*(-3)/(-2).
2, 5, 13
What are the prime factors of 2/(-16) + (-3255)/(-56)?
2, 29
Suppose -4*r + 2*p = -p - 23, -3*r - 4*p + 11 = 0. List the prime factors of r.
5
Suppose 4*u + 2 = 3*j - 11, 3*u = -5*j + 12. Suppose 8*r - 195 = j*r. List the prime factors of r.
3, 13
Suppose t - q + 486 = 0, -t + 2*q + 1962 = -5*t. List the prime factors of t/(-33) - 6/(-33).
3, 5
Let l(w) = w**3 + 2 + 0*w**3 + w + 4*w**2 + 0*w. Let f be l(-3). Suppose -2*d + 2 = -f. List the prime factors of d.
5
Suppose 3*o - 3675 = -12*o. List the prime factors of o.
5, 7
Let n = 1 + 3. Suppose n = -v, 4*w - 4*v = v + 136. List the prime factors of w.
29
Let z = 20 - 8. Suppose -4*i + 8 = -z. Suppose 31 = i*f + 6. What are the prime factors of f?
5
Let c = -6 + 9. Suppose 4*a - 94 + 35 = c*w, w = 3*a - 38. List the prime factors of a.
11
Suppose -u - 4 = 4*g - 53, -u + 56 = -3*g. What are the prime factors of u?
53
List the prime factors of 903/12 + ((-36)/16 - -2).
3, 5
Suppose 0 = 7*c - 5*c - 166. List the prime factors of c.
83
Let g(a) = a - a**2 + 5*a + 8 - 1. Let z be g(7). Suppose z = -5*n + 24 + 31. List the prime factors of n.
11
Let g(w) = -w. Let r be g(0). Suppose 4*u - p = -2*p + 14, -2*u + 2*p + 12 = r. Suppose u*h - 21 - 19 = 0. What are the prime factors of h?
2, 5
Let r(i) = -i**2 - i - 6. Let h be r(0). Let s(n) = -2*n - 6. What are the prime factors of s(h)?
2, 3
Suppose 125 = y + 4*y. Suppose 4 = -3*t + y. What are the prime factors of t?
7
Let x(r) = -4*r + 39. What are the prime factors of x(7)?
11
Suppose -3*i = -0*i - 153. What are the prime factors of i?
3, 17
Suppose -r = 2*r - 36. Suppose -4*z + 10 + r = -2*t, z = -3*t - 12. Suppose 2*y - z*f = 8, 2*f + 5 = y + f. What are the prime factors of y?
7
Let r be (1 - -6)*8/28. Suppose -3*o = -5*m - 56, -5*m - 44 = -r*o + 5*o. List the prime factors of ((-4)/m)/((-9)/(-270)).
2, 3
Let y = 109 - 53. List the prime factors of (-4)/(-14) - (-824)/y.
3, 5
Let y = 12 - 12. Suppose y*x - 11 = -x. What are the prime factors of x?
11
Suppose -2*a - 4 = -c, 0 = -0*c + 5*c - 2*a + 4. Let l = 4 + c. Suppose -5*b + l*k + 1 = -48, -4*k + 1 = b. List the prime factors of b.
3
Suppose 0 = -o + 5*o - 160. List the prime factors of o.
2, 5
Let i = 569 + -247. What are the prime factors of i?
2, 7, 23
Suppose 3*x - 79 = 62. What are the prime factors of x?
47
Let u(d) = 0*d + d**2 + 0 + 2*d + 0. Let l be u(-2). Suppose -5*p + 81 = 4*w, -5*w - 45 = -5*p - l*w. What are the prime factors of p?
13
Suppose 4*c - 5*h - 19 - 55 = 0, 5*c + 2*h - 109 = 0. What are the prime factors of c?
3, 7
Suppose 3*f + 3*z = 42, 2*f - 3*z - 16 = 32. Suppose l - f - 40 = 0. What are the prime factors of l?
2, 29
Suppose -180*h = -177*h - 990. List the prime factors of h.
2, 3, 5, 11
Let x(k) = -k**3 + 2*k**3 - 8*k + 7 + 0*k**3 - 3*k**2. List th